e -2*j = 4*i - 38, 5*j - 4*j = 4*i - 53. Suppose -i*b = -8*b - 112. Calculate the greatest common factor of 42 and b.
14
Let q(a) be the first derivative of a**4/4 - 5*a**3/3 - 3*a**2/2 - 11*a - 142. Let v be q(6). What is the highest common divisor of v and 189?
7
Let i(d) = 43*d - 13. Let a(z) = -z**2 - 10*z - 15. Let q be a(-8). Let k be i(q). What is the greatest common divisor of 72 and k?
6
Suppose -2*t + 140 = -k, 8 - 2 = -3*k. Let p be (3/3)/3 + (-1781)/(-39). What is the highest common factor of p and t?
23
Let z(b) = 63*b + 5. Let u be z(5). Suppose 4*n = 5*m + 75, 359*n - 355*n - 61 = 3*m. What is the highest common factor of u and n?
10
Let v(t) = 38 + 12 - 169*t + 172*t. Let l be v(-16). Calculate the highest common divisor of 22 and l.
2
Let a = 67 + 193. Let b be 1/(-24) + -12*10101/(-6048). What is the highest common factor of b and a?
20
Suppose 10*q + 4 = 24. Suppose 2*d = q*f, 6*f + 3*d = f - 8. Let p be f/(-1*(1 - 2/3)). What is the greatest common factor of 1 and p?
1
Suppose -354 = -6*q - 42. What is the greatest common divisor of 8944 and q?
52
Suppose 13*z + 8 = 17*z. Let f be (-4 + 1 - (6 - 217))/z. Calculate the highest common divisor of f and 16.
8
Let r(n) = -n**3 + 14*n**2 - 619*n + 9526. Let t be r(15). Suppose 0*w = 2*w - 352. What is the greatest common factor of t and w?
16
Suppose 4*d - 1924 = -5*k - 276, -2*k + 640 = 4*d. What is the greatest common factor of 11256 and k?
168
Suppose 7*t = -0 + 28. Let y be 13/t*(-10 + 18)*3. What is the greatest common divisor of y and 78?
78
Suppose -10*a = -7*a - 114. Let i = a - 34. Let y = 38 - 22. Calculate the greatest common factor of i and y.
4
Let w = -618 - -817. Suppose -3*s - w = -5*q - 2*s, 4*s = -5*q + 204. Let n be (0 - (-2)/4)*10. Calculate the greatest common factor of n and q.
5
Let q(t) = 3*t**3 - 3*t**2 - 4*t + 7. Let y be q(-3). Let i = y - -124. What is the greatest common factor of i and 665?
35
Suppose -2*h + 311 = 5*r - 2345, 5*r - 5*h - 2635 = 0. Calculate the greatest common divisor of 90 and r.
10
Let g = -42870 + 42900. What is the highest common divisor of g and 192?
6
Suppose 29*w + 118 + 58 + 56 = 0. Let f be (1 + -3)/(1 + 0). Let g be -22*((-22)/w*f + 1). What is the highest common factor of 9 and g?
9
Let l = -21 + 18. Let x(t) = -5*t - 11. Let c be x(l). Let j be 7*c + -3 + 2. Calculate the highest common factor of 18 and j.
9
Let b(m) = -m**2 + 248*m + 3688. Let g be b(-14). Calculate the highest common divisor of 6490 and g.
10
Let g = -4810 + 4816. What is the greatest common factor of g and 7914?
6
Let k(v) = v - 5. Let x be k(6). Suppose -j - 50 = -5*w - 5, 0 = -5*w + 2*j + 40. Let z = w - x. What is the greatest common divisor of z and 27?
9
Let c be ((-800)/15)/(((-4)/3)/4). Suppose -46*z + 5585 + 12815 = 0. Calculate the highest common divisor of c and z.
80
Suppose 0 = -51*r + 19767 - 18492. Calculate the greatest common factor of r and 29600.
25
Suppose i - 2891 = -3*h + 222, -h - 9319 = -3*i. What is the greatest common divisor of i and 13?
13
Let d = -16920 + 18144. Calculate the greatest common factor of d and 864.
72
Let v be (-31500)/40*42/(-15). Calculate the greatest common factor of v and 360.
45
Suppose -3*c + 7*c = 4*a - 16, -2*c = a + 20. Let w be ((-22)/c)/((-34)/(-952)). Calculate the highest common divisor of 11 and w.
11
Let n(f) = 2*f**3 - 10*f**2 + 35*f - 207. Let g be n(7). Calculate the greatest common divisor of g and 570.
6
Suppose 2*g - 9 = 7. Let q = -9 - -10. Let d be 6/9*q*-18*-1. Calculate the greatest common divisor of g and d.
4
Suppose -2*v = -0*v - 120. Let t = 38255 + -38155. What is the highest common divisor of v and t?
20
Suppose 5*z = j + 6, z - 4*z + 26 = 5*j. What is the greatest common divisor of 2138 and z?
2
Suppose -3*c + 6 = -5*r - 57, 2*r = -2*c - 22. Let g be (-4)/1 - (r - 8). What is the highest common divisor of 28 and g?
4
Suppose -19*v + 12*v + 98 = 0. Suppose v*p - 3188 = 452. What is the highest common divisor of 20 and p?
20
Let u be (0 + 1250/(-6))/(15 + 368/(-24)). Calculate the highest common factor of u and 1000.
125
Let w(i) = i**2 - i + 3. Let j be w(6). Let k = -33 + -12. Let f = -34 - k. Calculate the highest common factor of f and j.
11
Let l(g) be the third derivative of g**5/30 + g**4/12 + 5*g**3 + 2*g**2 + 18. Let y be l(-6). Calculate the highest common factor of y and 18.
18
Suppose 4*i = 4*z + 12, -5*z + 33 - 8 = 3*i. Suppose 0 = z*b + 9*b - 429. Suppose 119 = 4*j + 15. Calculate the greatest common factor of b and j.
13
Let m = 2652 - 1420. What is the highest common factor of 32 and m?
16
Let b be 37/(-2035)*0 + (0 - 1) + 60469. Calculate the greatest common factor of b and 12.
12
Suppose 239*t - 5*p = 240*t - 3501, -4*p + 24 = 0. Calculate the highest common factor of 117 and t.
39
Let l = 208 - -1087. Let d be 2/7*l/10. Calculate the greatest common divisor of 148 and d.
37
Let w(f) = 4*f**2 - 536*f + 12654. Let u be w(104). Suppose -49 + 16 = -3*o - 3*y, o + 3*y - 21 = 0. What is the highest common divisor of u and o?
6
Suppose 440 = 9*f - 14*f. Let i be (-1)/(272/f + 3 + 0). Suppose 8*z = i*z - 384. What is the highest common factor of z and 16?
16
Let f be 8/((-64)/12) - (-7)/2. Suppose 2*y - 6 = -p - 0*y, 2*p - f*y - 18 = 0. Let m = 41 - 39. What is the highest common divisor of p and m?
2
Let h(u) = -3*u**3 - 3*u**2 - 3*u - 3. Let p be h(-2). Let j be 3/(((-228)/(-328))/19). Suppose j*v - 439 = 53. What is the greatest common factor of p and v?
3
Let m(h) = -h - 13. Let i be m(0). Let w = -69 - -84. Let x = w + i. What is the highest common factor of x and 1?
1
Let l = 64 - -14. Let i = 114 - l. What is the highest common factor of i and 468?
36
Suppose -1408 = 15*r - 19*r - 28*r. What is the greatest common factor of 66 and r?
22
Suppose 5*g = -p - 705, 588 = -5*g + g + 4*p. Let w = g - -547. Calculate the greatest common divisor of 90 and w.
45
Suppose 5*s = -5*i + 4650, 6*s + 1851 = 2*i + 5*s. Let v be i/63 + 4/14. What is the highest common factor of 405 and v?
15
Suppose 3*k = 7*k - 16. Suppose q - 3*w + 9 = 0, 2*w - w + 19 = k*q. Suppose -o - 5 = 0, q*m + 2*o - 382 = 2*m. What is the greatest common factor of 245 and m?
49
Let o(c) = 25*c**3 - 150*c + 652. Let i be o(4). Calculate the highest common divisor of 1062 and i.
118
Let d(k) = 74*k**2 + 7*k + 1. Let z be d(-1). Let h = 70 - z. Calculate the greatest common divisor of 2 and h.
2
Let m(i) = -1123*i**3 + i + 1. Let c be m(-1). Let a be 12/54 - (c/(-9) - 1). Calculate the highest common factor of 42 and a.
42
Let d(c) be the first derivative of 70*c**3/3 - 9*c**2/2 - 7*c + 1. Let q be d(-1). What is the highest common divisor of q and 60?
12
Suppose -252 = -2*i - c, 3*i - 378 = -7*c + 9*c. Suppose -9*v - i = -378. What is the highest common divisor of 4 and v?
4
Let t = -1284 + 1812. Let g(j) = -81*j - 4026. Let s be g(-50). What is the highest common factor of t and s?
24
Let d be 3 - 10 - (5 - 11). Let x be 11950/150 - d/3. What is the greatest common divisor of 16 and x?
16
Let g(f) = f**2 + 92*f - 158. Let m be g(-106). Calculate the highest common divisor of m and 6.
6
Let c(j) = 13*j**3 - 4*j**2 + 2*j + 11*j**3 + 0*j**3 + 1 - 12*j**3. Suppose -18 = 2*w - 11*w. Let t be c(w). Calculate the greatest common divisor of 5 and t.
5
Let m(q) be the second derivative of 23*q**3/2 - 135*q**2 + 65*q. Let k be m(6). What is the greatest common divisor of k and 72?
72
Suppose 78*q - 126 = 3306. Let r be 7/((-21)/(-60)) + 2. What is the highest common divisor of r and q?
22
Suppose -5*m + 4*h = 763 + 25, 632 = -4*m + 4*h. Let g be 5302/13 - 24/m. Calculate the greatest common factor of 34 and g.
34
Suppose 0 = -81*s + 155*s - 1628. Calculate the greatest common divisor of 473 and s.
11
Suppose 1138*c + i + 63 = 1141*c, 2*c = -5*i + 59. What is the highest common divisor of 8503 and c?
11
Let z(r) = -r**2 - 11*r - 6. Let l be z(-7). Suppose -1 = 3*v - l. Let q(b) = 3*b - 1. Let x be q(v). Calculate the highest common divisor of 140 and x.
20
Suppose -5*o - i = -132, 2*o = -2*o + 5*i + 94. Suppose -52*u + 4455 = -10417. Calculate the greatest common factor of o and u.
26
Let u(v) = 163*v - 1. Let h be u(2). Suppose -985*p + 988*p = 4*i - 230, -i + 100 = -5*p. Calculate the highest common divisor of 